ase 8, what is 6200 - 3?
6175
In base 10, what is 3 - -65?
68
In base 5, what is 10133 + 0?
10133
In base 4, what is -31332 - 2?
-32000
In base 2, what is -1001000 - -1?
-1000111
In base 10, what is -81 + -8?
-89
In base 10, what is 951 - -3?
954
In base 9, what is -1371 - 0?
-1371
In base 9, what is -14783 - -2?
-14781
In base 14, what is 3 - 12d?
-12a
In base 12, what is -285 + 18?
-269
In base 8, what is 3 - 21?
-16
In base 5, what is 1102212 - 0?
1102212
In base 9, what is 1212 + 5?
1217
In base 10, what is -3 - 9?
-12
In base 4, what is -133 - -11333?
11200
In base 10, what is 60 - 164?
-104
In base 15, what is -5 - e?
-14
In base 14, what is 0 + 688?
688
In base 15, what is 0 - 2806?
-2806
In base 8, what is -1 - 127?
-130
In base 14, what is 459 + 2?
45b
In base 12, what is -23a + -16?
-254
In base 5, what is 11 - -1?
12
In base 3, what is 12 + -102101?
-102012
In base 2, what is 11111 + 10110?
110101
In base 16, what is -92d - 1?
-92e
In base 16, what is 4 + 20?
24
In base 10, what is -5 - 31?
-36
In base 12, what is -4 + -14?
-18
In base 12, what is -2 - a4?
-a6
In base 4, what is 102 + -10?
32
In base 6, what is 4 - 10003?
-5555
In base 15, what is 0 - -75?
75
In base 14, what is 17d + -5?
178
In base 12, what is 1 + -35a5?
-35a4
In base 15, what is -1666 + 3?
-1663
In base 11, what is 4 + 1a?
23
In base 16, what is -219 + -2?
-21b
In base 13, what is b + 63?
71
In base 8, what is -2 + 1643?
1641
In base 6, what is 11 - 5022?
-5011
In base 8, what is 1510 - 4?
1504
In base 13, what is 11a2 - -2?
11a4
In base 12, what is 116 - 10?
106
In base 16, what is -297 + -5?
-29c
In base 3, what is -12 + -211211?
-212000
In base 10, what is -38 - 1?
-39
In base 12, what is -4 - -196?
192
In base 12, what is -4 - 28b?
-293
In base 9, what is 10606 + 0?
10606
In base 8, what is 114 - -3?
117
In base 12, what is 2 + -133?
-131
In base 10, what is -1 + 6?
5
In base 7, what is -2244 - 0?
-2244
In base 4, what is -10 + -313312?
-313322
In base 13, what is -9a9 - 4?
-9b0
In base 4, what is -11 + -2101?
-2112
In base 8, what is 17 + -40?
-21
In base 9, what is 3 + 365?
368
In base 5, what is -3 - -1120?
1112
In base 14, what is 2 + -2073?
-2071
In base 10, what is 289 + 9?
298
In base 6, what is -12105 + -4?
-12113
In base 12, what is 4 - -32a?
332
In base 9, what is -4 + -65?
-70
In base 14, what is 1 - -52?
53
In base 3, what is -10 - 12?
-22
In base 3, what is -10120002 + 2?
-10120000
In base 2, what is 0 - 110111?
-110111
In base 6, what is -12 + -20?
-32
In base 9, what is -2 - -357?
355
In base 9, what is -1468 + 4?
-1464
In base 9, what is -16 - 232?
-248
In base 14, what is -5 - 8?
-d
In base 2, what is -110001 - -10011011?
1101010
In base 3, what is 2 - -1?
10
In base 15, what is 55d + 4?
562
In base 11, what is 2006 + 0?
2006
In base 9, what is 10 - 116?
-106
In base 15, what is 56e - -1?
570
In base 4, what is -110123 - -11?
-110112
In base 16, what is 6b - -1?
6c
In base 2, what is 101 + -1001110101011?
-1001110100110
In base 5, what is 4 + 113?
122
In base 16, what is -3 + 140?
13d
In base 6, what is -5 - 112?
-121
In base 3, what is 10 - -101201?
101211
In base 2, what is -111 - 111110101?
-111111100
In base 13, what is 3 - 2c7?
-2c4
In base 6, what is 135 - -2?
141
In base 9, what is 3 - 1?
2
In base 14, what is -3 + 51?
4c
In base 16, what is 5c + -12?
4a
In base 6, what is -3 - 1542?
-1545
In base 14, what is 5c - 77?
-19
In base 10, what is 2 - 33?
-31
In base 3, what is -122 - -2020210?
2020011
In base 10, what is 130 + -4?
126
In base 14, what is d - -4?
13
In base 8, what is -340 + 4?
-334
In base 2, what is 1011010010 - -10000?
1011100010
In base 3, what is -202 - 120?
-1022
In base 4, what is -3233 - -20?
-3213
In base 6, what is -1543 + 2?
-1541
In base 15, what is -4 + 94?
90
In base 6, what is -115 + 25?
-50
In base 12, what is -2a0 - -3?
-299
In base 3, what is 111 - -200222?
201110
In base 2, what is -11001100 + 11101?
-10101111
In base 15, what is 1 - -11?
12
In base 8, what is 446 - 51?
375
In base 4, what is 111 + 10223?
11000
In base 10, what is 99 + 6?
105
In base 14, what is -1c + -37?
-55
In base 7, what is -436 - -14?
-422
In base 16, what is -2c + 12a?
fe
In base 3, what is -1 - -2?
1
In base 11, what is 2 - 52?
-50
In base 16, what is -31 + 17?
-1a
In base 5, what is -14 + -4?
-23
In base 9, what is 1 - -510?
511
In base 8, what is -102 - 52?
-154
In base 10, what is 25 + 0?
25
In base 14, what is 72 - -2?
74
In base 4, what is -1 - 301010?
-301011
In base 6, what is -5 - 10505?
-10514
In base 6, what is 142011 + 4?
142015
In base 8, what is 2 - -224?
226
In base 2, what is 110 + -100000010110?
-100000010000
In base 14, what is 2dd + -14?
2c9
In base 7, what is -13 - 100?
-113
In base 12, what is 2 + -8b?
-89
In base 9, what is -18 + -50?
-68
In base 11, what is -72 - -a?
-63
In base 13, what is 5 - 33c?
-337
In base 10, what is -1 + 7?
6
In base 10, what is -2597 + 1?
-2596
In base 15, what is -1 + -a?
-b
In base 11, what is -4 - 1154?
-1158
In base 5, what is -1 + -20?
-21
In base 15, what is c91 + 0?
c91
In base 5, what is 1323 + 0?
1323
In base 8, what is 16 + 50?
66
In base 2, what is 11100001101 + 100?
11100010001
In base 7, what is -6 - 3?
-12
In base 4, what is -1 + 1300?
1233
In base 16, what is -b - 2?
-d
In base 16, what is 191 - -5?
196
In base 13, what is 4 - 22?
-1b
In base 3, what is -212 - -110101?
102112
In base 9, what is 2 - 4216?
-4214
In base 16, what is -1199 - -3?
-1196
In base 14, what is 53 - 7?
4a
In base 5, what is -203 - -302?
44
In base 13, what is 5 + -5b?
-56
In base 15, what is 0 + c63?
c63
In base 4, what is 2333 - -1?
3000
In base 4, what is 113 - -10?
123
In base 13, what is -264 - 7?
-26b
In base 4, what is -1 - -13222?
13221
In base 5, what is -410334 + 4?
-410330
In base 9, what is -578 - -4?
-574
In base 13, what is 1 + -c7b?
-c7a
In base 15, what is 42 + -5?
3c
In base 9, what is 3365 + -2?
3363
In base 4, what is 10 - -102310?
102320
In base 8, what is 0 - -132?
132
In base 16, what is -2d - -2c?
-1
In base 4, what is 0 + 11123?
11123
In base 15, what is 24 + -e?
15
In base 3, what is 0 - 101002121?
-101002121
In base 8, what is -7 + 73?
64
In base 12, what is 5b1 + 5?
5b6
In base 6, what is 11024 + 1?
11025
In base 13, what is 812 - 4?
80b
In base 14, what is -831 - -5?
-82a
In base 7, what is -2 - 12623?
-12625
In base 11, what is -2 + -59?
-60
In base 5, what is -12242 + 3?
-12234
In base 5, what is -4 - 10?
-14
In base 12, what is 7 - -53?
5a
In base 13, what is 1 + -2c?
-2b
In base 15, what is -3 - ab?
-ae
In base 2, what is -101 - 100010011?
-100011000
In base 16, what is -153 - -4?
-14f
In base 3, what is -20 - 1200?
-1220
In base 9, what is -18 - -7?
-11
In base 6, what is 10 - 24?
-14
In base 10, what is -5 + -6?
-11
In base 3, what is 202 - -111?
1020
In base 3, what is 112210 - 221?
111212
In base 6, what is -43 + -11?
-54
In base 4, what is 10 - -111?
121
In base 13, what is 13c4 + -1?
13c3
In base 10, what is 2 + -17?
-15
In base 13, what is 3 + 77?
7a
In base 7, what is 0 - 5?
-5
In base 12, what is -2 + 45b?
459
In base 11, what is 8 + -375?
-368
In base 3, what is 1 + 2?
10
In base 14, what is 1 - 104?
-103
In base 2, what is -10 + 10000001?
1111111
In base 11, what is -4 + 1654?
1650
In base 6, what is 4 - -44?
52
In base 8, what is -226 - 5?
-233
In base 13, what is 3 - 4612?
-460c
In base 13, what is b - 21c?
-211
In base 6, what is 4 - -1045?
1053
In base 13, what is -7839 - -1?
-7838
In base 10, what is 5 - -1251?
1256
In base 3, what is 11 - -10010?
10021
In base 14, what is 4 + 104?
108
In base 13, what is 17 + 20?
37
In base 4, what is 2032 - 2?
2030
In base 12, what is -64 + 68?
4
In base 9, what is -7 - -120?
112
In base 12, what is -b0 + -4?
-b4
In base 7, what is -1 - 6?
-10
In base 5, what is -13 + -144?
-212
In base 12, what is 80 - -4?
84
In base 5, what is -13034 - -3?
-13031
In base 15, what is 427 + 1?
428
In base 10, what is 0 - 154?
-154
In base 16, what is -18 - 0?
-18
In base 6, what is 20 + 334?
354
In base 12, what is 4 - -6?
a
In base 11, what is -4 - a2?
-a6
In base 12, what is 6 - a?
-4
In base 6, what is -115 - -5?
-110
In base 8, what is 0 + 120?
120
In base 8, what is -356 + 1?
-355
In base 5, what is -101112 + 0?
-101112
In